 58. Let z = x - 13. Calculate the remainder when 41 is divided by z.
13
Suppose -4*l + 291 + 101 = 0. What is the remainder when l is divided by 2262/90 + -3*(-2)/(-45)?
23
Let w = -22 + 28. Suppose -3 = -w*h + 3*h. Suppose 11 = -4*q - 3*u, 3*u - 5 = 4*u. Calculate the remainder when h is divided by q.
0
Suppose 0 = -2*v, l + 5*v - 7*v = 91. What is the remainder when l is divided by 47?
44
Suppose 0 = -2*q, 5*c + 2*q - 6*q = 0. Suppose -2*p = -y - 2*y + 95, -3*y + 3*p + 90 = c. Calculate the remainder when 67 is divided by y.
32
Suppose -283 + 683 = 10*r. Calculate the remainder when 106 is divided by r.
26
Let c(f) = -f**2 + 7*f + 3. Suppose 21 = -j + 4*j. Suppose -4 + 16 = 3*b. Calculate the remainder when b is divided by c(j).
1
Let s = 425 - 378. Calculate the remainder when s is divided by 20.
7
Let s(n) = -n**3 - 23*n**2 + 45*n - 36. What is the remainder when 441 is divided by s(-25)?
85
Suppose 0 = -2*v - 3*v + 20. Let d = v + 2. Calculate the remainder when d is divided by 1.
0
Suppose -137*d = -133*d - 1000. Calculate the remainder when d is divided by 21.
19
Let a be (5 + -1 + -2)*(-123)/(-6). Suppose -a = -2*c - 5*g + 4*g, 52 = 4*c - 4*g. What is the remainder when 88 is divided by c?
16
Let g be (-14)/(72/33 + -1 - 1). Let r = -74 - g. What is the remainder when 4 is divided by r?
1
Suppose -21*x + 4*x = 6426. Let k = -220 - x. Calculate the remainder when k is divided by 53.
52
Let h(y) = y**2 - 21. Let c be h(-12). Let l = 127 - c. What is the remainder when 10 is divided by l?
2
Let q = -15 - -6. Suppose -13 = 4*p + i - 3, i + 2 = 0. Let k = p - q. What is the remainder when 27 is divided by k?
6
Suppose -12*w = -9*w - 12. What is the remainder when w - (-57 - (-1 + 1)) is divided by 31?
30
Suppose -4*h - 64 = -4*k, 0*k - 5*h + 16 = k. Let g(c) = c**2 + 47*c + 370. Calculate the remainder when g(-9) is divided by k.
12
Let v = 943 - 933. Calculate the remainder when 60 is divided by v.
0
Calculate the remainder when (1/((-32)/(-40)))/((-2)/(-40)) is divided by 11.
3
Suppose n - 4*v = -9*v + 66, 0 = -5*v - 10. Calculate the remainder when n is divided by 63.
13
Suppose -5*m = -4*u - 26, 3*m + u + 4*u = 23. Suppose 3*s = s + m. Suppose 0 = -0*w - 2*w + 6. What is the remainder when s is divided by w?
0
Let b = -15 - -63. Suppose 3*a - 10 = 2*k, 8 = 3*a - 3*k - 1. Suppose 0 = v + 5*l - 2, -v + 73 = a*v + 4*l. Calculate the remainder when b is divided by v.
14
Suppose 6*f + 4 = 7*f. Suppose 0 = w + v - 28, -46 = -2*w - v + f*v. Calculate the remainder when w is divided by 2.
0
Let z(h) = h**3 - 14*h**2 - 15*h. Let a be z(15). Suppose a*j = -j + 2. What is the remainder when 9 is divided by j?
1
Calculate the remainder when (-2 - -96) + 0 - -2 is divided by (63 - -3)/(5/(-10)*-4).
30
Let p = 35 - 114. Suppose -2*c = -3*z - 16, -8 = -4*c - 5*z + 24. What is the remainder when p/(-7) - c/28 is divided by 3?
2
Let v(i) = -5*i + 13. Calculate the remainder when 96 is divided by v(-1).
6
Let s(c) = c**3 + 13*c**2 - 15*c + 15. Let h be ((-8)/12)/((-1)/(-21)). What is the remainder when s(h) is divided by 10?
9
Let v = -15 + 27. Calculate the remainder when 10 is divided by (-10 - -2)*(-6)/v.
2
Let g(j) = j**3 + 5*j**2 - 5*j + 6. Let w be g(-6). Suppose -2*r - 51 = -i, -i + 0*r - 5*r + 86 = w. Calculate the remainder when i is divided by 13.
9
Suppose -c - d = -14 - 20, -3*d = -c + 14. Suppose -1182 - 253 - 725 = -15*r. What is the remainder when r is divided by c?
28
Let j(q) = -1898 - 13*q + 1898. What is the remainder when j(-8) is divided by 36?
32
Suppose 3*p + 4*u - 266 = 0, -5*u - 19 = 1. Let r(d) = 3*d**2 + 3*d + 6. What is the remainder when p is divided by r(-3)?
22
Suppose 4*q = -r + 1, q - r = 3*r - 21. Let a = q - -3. Suppose -4*p + a*p = -26. Calculate the remainder when 38 is divided by p.
12
Calculate the remainder when 47 is divided by (16 + 1)/(12/12) + -4.
8
Suppose 3*t = -3*s + 453, -t = -s + 48 + 95. Let k = 163 - s. What is the remainder when 93 is divided by k?
13
Let o be (4/(-6))/(4/(-18)). Suppose 3*c = 4*d - 33, 0*c = d - 3*c + o. What is the remainder when 93 is divided by d?
9
Let o = 0 + -3. Let n = o + 5. Let q = -4625 - -4628. What is the remainder when q is divided by n?
1
Let x(c) = 3*c**2 + 7*c - 38. Calculate the remainder when 578 is divided by x(-10).
2
Suppose 369 = 5*m + 2*n + 31, m - 2*n - 70 = 0. Calculate the remainder when m is divided by 31.
6
Let i(x) = -x**3 + 6*x**2 - 32*x + 142. Let q = 21 - -32. What is the remainder when q is divided by i(5)?
4
Let q = 16 - 11. Suppose -8*h + 6 = -6*h. Suppose h*k + 102 = q*k. Calculate the remainder when k is divided by 18.
15
Suppose 2*i + 2*i = 0, -5*r - 5*i = -10. Suppose -6 = -2*k + r. What is the remainder when 14 is divided by k?
2
Suppose -p = 3*h - 81, -5*h + 6*p - 7*p = -135. What is the remainder when 861 is divided by h?
24
Let r = 338 - 585. Let k = 356 + r. What is the remainder when k is divided by 10?
9
Suppose l + 514 = 4*h, -54*h = -53*h + 3*l - 122. What is the remainder when h is divided by 26?
24
Let q = 13 + -11. Suppose -q*y = -3*y + d - 75, -213 = 3*y + 3*d. What is the remainder when 47 is divided by 2/3 + y/(-3)?
22
Suppose 2*c - v - 299 = -0*v, -5*c - 2*v = -743. What is the remainder when c is divided by 50?
49
Suppose 1044 = 3*q - 5*n, 7*q - 2*q = n + 1740. Let d = 50 + -68. Calculate the remainder when 55 is divided by (-2)/6 - q/d.
17
Let s(m) = m**3 + 8*m**2 + 22*m + 145. What is the remainder when s(-7) is divided by 16?
8
Let s = 13 - 8. Let x(y) = y**3 + 7*y**2 + 4*y + 4. Let d be x(-5). Suppose u + u = d. What is the remainder when u is divided by s?
2
What is the remainder when 11*24/132 - (-436)/1 is divided by 40?
38
Let v(y) = y**3 + 12*y**2 + 11*y - 15. Let l be v(-11). Let j be l*(69/(-15) + 3). Suppose -2*z = 2*z - j. What is the remainder when z is divided by 2?
0
Suppose -y - 2*x - 16 = -5*y, -3*y + 2*x + 14 = 0. Suppose -6 = -y*z + 204. Let v(q) = -q**2 + 18. Calculate the remainder when z is divided by v(0).
15
Suppose -1207 - 2193 = -25*u. Calculate the remainder when u is divided by 23.
21
Suppose 2 = n - 2*n, -4*w = -5*n - 266. Calculate the remainder when w is divided by (24 - 2)/2*1.
9
Suppose -2*n = -2*q + 24, -2*q + n + 12 = -13. Suppose -15*m + q*m + 30 = 0. What is the remainder when (14/(-21))/(2/(-132)) is divided by m?
14
Suppose 148 = 4*v + 4*a, v - 64 = -v + 3*a. Suppose -2*o = -7*o + v. Suppose -2*q = -o*q + 95. Calculate the remainder when q is divided by 7.
5
Let w(j) = 4*j - 7. Calculate the remainder when 200 is divided by w(9).
26
Let g(q) = 21*q - 478. Calculate the remainder when 100 - (2*-1)/2 is divided by g(24).
23
Suppose k - 3*k + 18 = r, 5*k = -r + 42. Calculate the remainder when 23 is divided by 6/((0 - 0) + 6/k).
7
Suppose 7*d - 45 = -8*d. Let k be (-4)/10*-5*6. Suppose 0 = -b - 2*v + 10, 0*b = b + d*v - k. What is the remainder when 27 is divided by b?
3
What is the remainder when (4/6 - (-4)/12)*47 is divided by 7?
5
Suppose -2*l + 44 = x, 4*x - 4 = -12. What is the remainder when l is divided by 14?
9
Suppose 9*s = 2*c + 5*s - 12, -4*s + 44 = 2*c. Suppose -2*v - 1 = -4*g - 9, 1 = -2*v - 5*g. What is the remainder when c is divided by v?
0
Let r(v) = -v - 10. Let l be r(-12). Suppose -5*d = -l*n + 86, -n + d = -5*n + 216. Suppose 0 = 3*o - 5*o + 56. Calculate the remainder when n is divided by o.
25
Let o be 17/(-4 - (-2 - 3)). Suppose 5*m - 7*m - o = -3*l, 5*l - 2*m = 31. Calculate the remainder when 23 is divided by l.
2
Let a be (64/80)/(4/10). Suppose -l = -2*k - 8, k - a*k - 4*l + 14 = 0. Calculate the remainder when ((-145)/(-10))/(k/(-4)) is divided by 16.
13
Let y(z) = -z. Let g be y(-3). Let n be 0 + -17 + 0 - g. Let t = n - -52. Calculate the remainder when t is divided by 17.
15
Let a(o) = 3*o - 7. What is the remainder when a(7) is divided by 4?
2
Let d = 41 - 28. Let h = 27 - d. Suppose -v + 0 + h = 2*s, 3*s - 56 = -5*v. Calculate the remainder when 28 is divided by v.
8
Suppose -5*o = -3*x + 1557, -28*x + o - 2076 = -32*x. What is the remainder when x is divided by 44?
35
Calculate the remainder when 149 + -4 + 5/20*28 is divided by 70.
12
Let w(i) = -i**2 - 12*i + 6. Let u be w(-10). Let v = 2 + u. Let j(q) = -3*q - 8. Calculate the remainder when v is div